{"id":6454,"date":"2020-04-15T20:41:21","date_gmt":"2020-04-15T20:41:21","guid":{"rendered":"https:\/\/www.tamaspal.hu\/portfolio\/?page_id=6454"},"modified":"2024-01-18T17:33:36","modified_gmt":"2024-01-18T17:33:36","slug":"rolam","status":"publish","type":"page","link":"https:\/\/www.tamaspal.hu\/portfolio\/rolam\/","title":{"rendered":"R\u00f3lam"},"content":{"rendered":"<div  class=\"one withsmallpadding ppb_text \" style=\"padding:30px 0 30px 0;\" >\n<div class=\"standard_wrapper\">\n<div class=\"page_content_wrapper\">\n<div class=\"inner\" >\n<div style=\"margin: auto; margin-top: 100px;\">\n<h1 style=\"font-size: 42px; color: #fff;\">F\u00e9nyek &#038; K\u00e9pek &#038; Szenved\u00e9ly<\/h1>\n<p>&#8222;A fot\u00f3 arra hivatott, hogy felr\u00e1zza a k\u00e9pzel\u0151er\u0151t.<br \/>\nNem el\u00e9g, ha csup\u00e1n eml\u00e9keztet\u0151\u00fcl szolg\u00e1l.&#8221;<br \/>\n&#8211; Lucien Herv\u00e9<\/p>\n<\/div>\n<\/div>\n<\/div>\n<\/div>\n<\/div>\n<div  class=\"one\" style=\"padding:0px 0 0px 0;\" >\n<div class=\"standard_wrapper\">\n<div class=\"page_content_wrapper\">\n<div class=\"inner\">\n<div class=\"one_half content_middle animate textright\">\n<p style=\"text-align: center;\">Kezdem az elej\u00e9n. 1987 nyar\u00e1nak utols\u00f3 napj\u00e1n sz\u00fclettem. 18 \u00e9vvel k\u00e9s\u0151bb k\u00fcl\u00f6n\u00f6s bar\u00e1ts\u00e1got k\u00f6t\u00f6ttem a fotogr\u00e1fi\u00e1val. Az ide vezet\u0151 \u00faton nagy seg\u00edts\u00e9gemre volt m\u00e1sik hobbim, a ker\u00e9kp\u00e1roz\u00e1s. \u00c9veken \u00e1t versenyszer\u0171en tapostam a ped\u00e1lt. Gy\u00f6ny\u00f6r\u0171 helyeken j\u00e1rtam, ez\u00e9rt adta mag\u00e1t a lehet\u0151s\u00e9g, hogy fot\u00f3kon \u00f6r\u00f6k\u00edtsem meg a l\u00e1tottakat. Akkoriban m\u00e9g kor\u00e1ntsem tudatosan, de ann\u00e1l nagyobb lelkesed\u00e9ssel f\u00e9nyk\u00e9peztem. A 2005-\u00f6s OX Magyar Bajnoki ker\u00e9kp\u00e1ros gy\u0151zelmemet k\u00f6vet\u0151en a tov\u00e1bbi versenyz\u00e9s helyett v\u00e9g\u00e9rv\u00e9nyesen a fot\u00f3z\u00e1s fel\u00e9 fordultam. Ekkor m\u00e1r tudtam, ez az, amivel foglalkozni szeretn\u00e9k. K\u00fcl\u00f6nleges szitu\u00e1ci\u00f3kban helyt\u00e1llni, emberekkel megismerkedni, megragadni az \u00e9rt\u00e9keiket, a felsz\u00edn m\u00f6g\u00e9 l\u00e1tni, \u00e9s ezt m\u00e1sokkal is megismertetni.<\/p>\n<\/div>\n<div class=\"one_half last\"><\/div>\n<p><br class=\"clear\"\/><\/div>\n<\/div>\n<\/div>\n<\/div>\n<div  class=\"one\" style=\"padding:0px 0 0px 0;\" >\n<div class=\"standard_wrapper\">\n<div class=\"page_content_wrapper\">\n<div class=\"inner\">\n<div class=\"one_half content_middle animate textright\">\n<p style=\"text-align: center;\">Kezdem az elej\u00e9n. 1987 nyar\u00e1nak utols\u00f3 napj\u00e1n sz\u00fclettem. 18 \u00e9vvel k\u00e9s\u0151bb k\u00fcl\u00f6n\u00f6s bar\u00e1ts\u00e1got k\u00f6t\u00f6ttem a fotogr\u00e1fi\u00e1val. Az ide vezet\u0151 \u00faton nagy seg\u00edts\u00e9gemre volt m\u00e1sik hobbim, a ker\u00e9kp\u00e1roz\u00e1s. \u00c9veken \u00e1t versenyszer\u0171en tapostam a ped\u00e1lt. Gy\u00f6ny\u00f6r\u0171 helyeken j\u00e1rtam, ez\u00e9rt adta mag\u00e1t a lehet\u0151s\u00e9g, hogy fot\u00f3kon \u00f6r\u00f6k\u00edtsem meg a l\u00e1tottakat. Akkoriban m\u00e9g kor\u00e1ntsem tudatosan, de ann\u00e1l nagyobb lelkesed\u00e9ssel f\u00e9nyk\u00e9peztem. A 2005-\u00f6s OX Magyar Bajnoki ker\u00e9kp\u00e1ros gy\u0151zelmemet k\u00f6vet\u0151en a tov\u00e1bbi versenyz\u00e9s helyett v\u00e9g\u00e9rv\u00e9nyesen a fot\u00f3z\u00e1s fel\u00e9 fordultam. Ekkor m\u00e1r tudtam, ez az, amivel foglalkozni szeretn\u00e9k. K\u00fcl\u00f6nleges szitu\u00e1ci\u00f3kban helyt\u00e1llni, emberekkel megismerkedni, megragadni az \u00e9rt\u00e9keiket, a felsz\u00edn m\u00f6g\u00e9 l\u00e1tni, \u00e9s ezt m\u00e1sokkal is megismertetni.<\/p>\n<\/div>\n<div class=\"one_half last\"><\/div>\n<p><br class=\"clear\"\/><\/div>\n<\/div>\n<\/div>\n<\/div>\n<div  class=\"one withsmallpadding ppb_text\" style=\"padding:30px 0 30px 0;\" >\n<div class=\"standard_wrapper\">\n<div class=\"page_content_wrapper\">\n<div class=\"inner\">\n<div style=\"margin:auto;width:100%\">\n<p style=\"text-align: center;\">B\u00e1r ebben a kreat\u00edv szakm\u00e1ban sokak szerint nem a pap\u00edr sz\u00e1m\u00edt, elv\u00e9geztem a B\u00e1lint Gy\u00f6rgy \u00dajs\u00e1g\u00edr\u00f3 Akad\u00e9mia Fot\u00f3riporter szak\u00e1t. Gyakorlati id\u0151met az MTI szerkeszt\u0151s\u00e9g\u00e9ben t\u00f6lt\u00f6ttem. Az itt szerzett tapasztalatok tudatos\u00edtott\u00e1k bennem, hogy nemcsak szakm\u00e1t, hivat\u00e1st v\u00e1lasztottam.<\/p>\n<p style=\"text-align: center;\">N\u00e9gy \u00e9ven \u00e1t dolgoztam fot\u00f3riporterk\u00e9nt, de a mindennapi m\u00f3kusker\u00e9k helyett magasabb szinten szerettem volna kamatoztatni kreativit\u00e1somat. Saj\u00e1t fot\u00f3essz\u00e9ket k\u00e9sz\u00edtve, \u00fagy \u00e9rzem, jobban \u00e1t tudom adni mondanival\u00f3m az arra fog\u00e9kony k\u00f6z\u00f6ns\u00e9gnek.<\/p>\n<p style=\"text-align: center;\">Munk\u00e1immal t\u00f6bb orsz\u00e1gos fot\u00f3p\u00e1ly\u00e1zaton szerepeltem sikerrel. A fot\u00f3riportjaimmal el\u00e9rt d\u00edjakon t\u00fal az esk\u00fcv\u0151fot\u00f3z\u00e1s ter\u00fclet\u00e9n t\u00f6bb alkalommal siker\u00fclt elnyernem az \u00c9v Esk\u00fcv\u0151fot\u00f3ja d\u00edjat.<\/p>\n<p style=\"text-align: center;\">\n<\/div>\n<\/div>\n<\/div>\n<\/div>\n<\/div>\n","protected":false},"excerpt":{"rendered":"<p>F\u00e9nyek &#038; K\u00e9pek &#038; Szenved\u00e9ly &#8222;A fot\u00f3 arra hivatott, hogy felr\u00e1zza a k\u00e9pzel\u0151er\u0151t. Nem el\u00e9g, ha csup\u00e1n eml\u00e9keztet\u0151\u00fcl szolg\u00e1l.&#8221; &#8211; Lucien Herv\u00e9 Kezdem az elej\u00e9n. 1987 nyar\u00e1nak utols\u00f3 napj\u00e1n sz\u00fclettem. 18 \u00e9vvel k\u00e9s\u0151bb k\u00fcl\u00f6n\u00f6s bar\u00e1ts\u00e1got k\u00f6t\u00f6ttem a fotogr\u00e1fi\u00e1val. Az ide [&hellip;]<\/p>\n","protected":false},"author":2,"featured_media":0,"parent":0,"menu_order":0,"comment_status":"closed","ping_status":"closed","template":"","meta":{"footnotes":""},"class_list":["post-6454","page","type-page","status-publish","hentry"],"_links":{"self":[{"href":"https:\/\/www.tamaspal.hu\/portfolio\/wp-json\/wp\/v2\/pages\/6454","targetHints":{"allow":["GET"]}}],"collection":[{"href":"https:\/\/www.tamaspal.hu\/portfolio\/wp-json\/wp\/v2\/pages"}],"about":[{"href":"https:\/\/www.tamaspal.hu\/portfolio\/wp-json\/wp\/v2\/types\/page"}],"author":[{"embeddable":true,"href":"https:\/\/www.tamaspal.hu\/portfolio\/wp-json\/wp\/v2\/users\/2"}],"replies":[{"embeddable":true,"href":"https:\/\/www.tamaspal.hu\/portfolio\/wp-json\/wp\/v2\/comments?post=6454"}],"version-history":[{"count":0,"href":"https:\/\/www.tamaspal.hu\/portfolio\/wp-json\/wp\/v2\/pages\/6454\/revisions"}],"wp:attachment":[{"href":"https:\/\/www.tamaspal.hu\/portfolio\/wp-json\/wp\/v2\/media?parent=6454"}],"curies":[{"name":"wp","href":"https:\/\/api.w.org\/{rel}","templated":true}]}}