{"id":6366,"date":"2018-12-07T09:20:27","date_gmt":"2018-12-07T09:20:27","guid":{"rendered":"https:\/\/www.tamaspal.hu\/portfolio\/?page_id=6366"},"modified":"2026-01-24T19:07:42","modified_gmt":"2026-01-24T19:07:42","slug":"kapcsolat","status":"publish","type":"page","link":"https:\/\/www.tamaspal.hu\/portfolio\/kapcsolat\/","title":{"rendered":"Kapcsolat"},"content":{"rendered":"<div  class=\"one withsmallpadding\" style=\"padding:30px 0 30px 0;\" >\n<div class=\"standard_wrapper\">\n<div class=\"page_content_wrapper\">\n<div class=\"inner\">\n<div class=\"inner_wrapper\">\n<div class=\"sidebar_content\">\n<p style=\"text-align: center;\">K\u00e9rd\u00e9seiddel fordulj hozz\u00e1m bizalommal az al\u00e1bbi el\u00e9rhet\u0151s\u00e9gek b\u00e1rmelyik\u00e9n, vagy k\u00fcldj \u00fczenetet az \u0171rlap kit\u00f6lt\u00e9s\u00e9vel.<br \/>\n\u00c9rdekl\u0151d\u00e9sed sor\u00e1n ne felejtsd el megadni a fot\u00f3z\u00e1s helysz\u00edn\u00e9t, id\u0151pontj\u00e1t \u00e9s v\u00e1rhat\u00f3 id\u0151tartam\u00e1t.<\/p>\n<div class=\"wpcf7 no-js\" id=\"wpcf7-f6365-o1\" lang=\"hu-HU\" dir=\"ltr\" data-wpcf7-id=\"6365\">\n<div class=\"screen-reader-response\">\n<p role=\"status\" aria-live=\"polite\" aria-atomic=\"true\">\n<ul><\/ul>\n<\/div>\n<form action=\"\/portfolio\/wp-admin\/post.php#wpcf7-f6365-o1\" method=\"post\" class=\"wpcf7-form init\" aria-label=\"Kapcsolatfelv\u00e9teli \u0171rlap\" novalidate=\"novalidate\" data-status=\"init\">\n<fieldset class=\"hidden-fields-container\"><input type=\"hidden\" name=\"_wpcf7\" value=\"6365\" \/><input type=\"hidden\" name=\"_wpcf7_version\" value=\"6.1.4\" \/><input type=\"hidden\" name=\"_wpcf7_locale\" value=\"hu_HU\" \/><input type=\"hidden\" name=\"_wpcf7_unit_tag\" value=\"wpcf7-f6365-o1\" \/><input type=\"hidden\" name=\"_wpcf7_container_post\" value=\"0\" \/><input type=\"hidden\" name=\"_wpcf7_posted_data_hash\" value=\"\" \/><input type=\"hidden\" name=\"_wpcf7_recaptcha_response\" value=\"\" \/><br \/>\n<\/fieldset>\n<p><label> N\u00e9v (k\u00f6telez\u0151)<br \/>\n<span class=\"wpcf7-form-control-wrap\" data-name=\"your-name\"><input size=\"40\" maxlength=\"400\" class=\"wpcf7-form-control wpcf7-text wpcf7-validates-as-required\" aria-required=\"true\" aria-invalid=\"false\" value=\"\" type=\"text\" name=\"your-name\" \/><\/span> <\/label>\n<\/p>\n<p><label> Email c\u00edm (k\u00f6telez\u0151)<br \/>\n<span class=\"wpcf7-form-control-wrap\" data-name=\"your-email\"><input size=\"40\" maxlength=\"400\" class=\"wpcf7-form-control wpcf7-email wpcf7-validates-as-required wpcf7-text wpcf7-validates-as-email\" aria-required=\"true\" aria-invalid=\"false\" value=\"\" type=\"email\" name=\"your-email\" \/><\/span> <\/label>\n<\/p>\n<p><label> Telefon (k\u00f6telez\u0151)<br \/>\n<span class=\"wpcf7-form-control-wrap\" data-name=\"your-tel\"><input size=\"40\" maxlength=\"400\" class=\"wpcf7-form-control wpcf7-tel wpcf7-validates-as-required wpcf7-text wpcf7-validates-as-tel\" aria-required=\"true\" aria-invalid=\"false\" value=\"\" type=\"tel\" name=\"your-tel\" \/><\/span> <\/label>\n<\/p>\n<p><label> T\u00e1rgy<br \/>\n<span class=\"wpcf7-form-control-wrap\" data-name=\"your-subject\"><input size=\"40\" maxlength=\"400\" class=\"wpcf7-form-control wpcf7-text\" aria-invalid=\"false\" value=\"\" type=\"text\" name=\"your-subject\" \/><\/span> <\/label>\n<\/p>\n<p><label> D\u00e1tum (k\u00f6telez\u0151)<br \/>\n<span class=\"wpcf7-form-control-wrap\" data-name=\"your-date\"><input size=\"40\" maxlength=\"400\" class=\"wpcf7-form-control wpcf7-text\" aria-invalid=\"false\" value=\"\" type=\"text\" name=\"your-date\" \/><\/span> <\/label>\n<\/p>\n<p><label> Helysz\u00edn (k\u00f6telez\u0151)<br \/>\n<span class=\"wpcf7-form-control-wrap\" data-name=\"your-location\"><input size=\"40\" maxlength=\"400\" class=\"wpcf7-form-control wpcf7-text\" aria-invalid=\"false\" value=\"\" type=\"text\" name=\"your-location\" \/><\/span> <\/label>\n<\/p>\n<p><label> \u00dczenet<br \/>\n<span class=\"wpcf7-form-control-wrap\" data-name=\"your-message\"><textarea cols=\"40\" rows=\"10\" maxlength=\"2000\" class=\"wpcf7-form-control wpcf7-textarea\" aria-invalid=\"false\" name=\"your-message\"><\/textarea><\/span> <\/label>\n<\/p>\n<p><input class=\"wpcf7-form-control wpcf7-submit has-spinner\" type=\"submit\" value=\"K\u00fcld\u00e9s\" \/>\n<\/p>\n<div class=\"wpcf7-response-output\" aria-hidden=\"true\"><\/div>\n<\/form>\n<\/div>\n<\/div>\n<div class=\"sidebar_wrapper\">\n<div class=\"sidebar\">\n<div class=\"content\">\n<ul class=\"sidebar_widget\">\n<li id=\"text-12\" class=\"widget widget_text\">\n<h2 class=\"widgettitle\"><span>El\u00e9rhet\u0151s\u00e9geim<\/span><\/h2>\n<div class=\"textwidget\">\n<p><a href=\"tel:+36302240983\">+36 30 224 0983<\/a><\/p>\n<p><a href=\"mailto:foto@tamaspal.hu\">foto@tamaspal.hu<\/a><\/p>\n<\/div>\n<\/li>\n<li id=\"text-13\" class=\"widget widget_text\">\n<h2 class=\"widgettitle\"><span>A k\u00f6z\u00f6ss\u00e9gi m\u00e9di\u00e1ban<\/span><\/h2>\n<div class=\"textwidget\">\n<div class=\"social_wrapper shortcode dark large\">\n<ul>\n<li class=\"facebook\"><a target=\"_blank\" title=\"Facebook\" href=\"https:\/\/www.facebook.com\/tamaspal.hu\" rel=\"noopener\"><i class=\"fa fa-facebook\"><\/i><\/a><\/li>\n<li class=\"instagram\"><a target=\"_blank\" title=\"Instagram\" href=\"http:\/\/instagram.com\/tamaspal.hu\" rel=\"noopener\"><i class=\"fa fa-instagram\"><\/i><\/a><\/li>\n<\/ul>\n<\/div>\n<\/div>\n<\/li>\n<\/ul>\n<\/div>\n<\/div>\n<\/div>\n<\/div>\n<\/div>\n<\/div>\n<\/div>\n<\/div>\n","protected":false},"excerpt":{"rendered":"<p>K\u00e9rd\u00e9seiddel fordulj hozz\u00e1m bizalommal az al\u00e1bbi el\u00e9rhet\u0151s\u00e9gek b\u00e1rmelyik\u00e9n, vagy k\u00fcldj \u00fczenetet az \u0171rlap kit\u00f6lt\u00e9s\u00e9vel. \u00c9rdekl\u0151d\u00e9sed sor\u00e1n ne felejtsd el megadni a fot\u00f3z\u00e1s helysz\u00edn\u00e9t, id\u0151pontj\u00e1t \u00e9s v\u00e1rhat\u00f3 id\u0151tartam\u00e1t. N\u00e9v (k\u00f6telez\u0151) Email c\u00edm (k\u00f6telez\u0151) Telefon (k\u00f6telez\u0151) T\u00e1rgy D\u00e1tum (k\u00f6telez\u0151) Helysz\u00edn (k\u00f6telez\u0151) \u00dczenet [&hellip;]<\/p>\n","protected":false},"author":1,"featured_media":0,"parent":0,"menu_order":0,"comment_status":"closed","ping_status":"closed","template":"","meta":{"footnotes":""},"class_list":["post-6366","page","type-page","status-publish","hentry"],"_links":{"self":[{"href":"https:\/\/www.tamaspal.hu\/portfolio\/wp-json\/wp\/v2\/pages\/6366","targetHints":{"allow":["GET"]}}],"collection":[{"href":"https:\/\/www.tamaspal.hu\/portfolio\/wp-json\/wp\/v2\/pages"}],"about":[{"href":"https:\/\/www.tamaspal.hu\/portfolio\/wp-json\/wp\/v2\/types\/page"}],"author":[{"embeddable":true,"href":"https:\/\/www.tamaspal.hu\/portfolio\/wp-json\/wp\/v2\/users\/1"}],"replies":[{"embeddable":true,"href":"https:\/\/www.tamaspal.hu\/portfolio\/wp-json\/wp\/v2\/comments?post=6366"}],"version-history":[{"count":1,"href":"https:\/\/www.tamaspal.hu\/portfolio\/wp-json\/wp\/v2\/pages\/6366\/revisions"}],"predecessor-version":[{"id":7706,"href":"https:\/\/www.tamaspal.hu\/portfolio\/wp-json\/wp\/v2\/pages\/6366\/revisions\/7706"}],"wp:attachment":[{"href":"https:\/\/www.tamaspal.hu\/portfolio\/wp-json\/wp\/v2\/media?parent=6366"}],"curies":[{"name":"wp","href":"https:\/\/api.w.org\/{rel}","templated":true}]}}